{"id":102,"date":"2017-05-13T13:04:15","date_gmt":"2017-05-13T13:04:15","guid":{"rendered":"http:\/\/www.thaisweiller.com\/fun\/?page_id=102"},"modified":"2020-06-04T10:46:43","modified_gmt":"2020-06-04T13:46:43","slug":"press","status":"publish","type":"page","link":"https:\/\/thaisweiller.com\/fun\/press\/","title":{"rendered":"Press"},"content":{"rendered":"<h2>Mentions<\/h2>\n<div class='content-column one_half'><\/div>\n<div class='content-column one_half last_column'><h4>Press mentions &amp; Interviews<\/h4>\n<p><a href=\"https:\/\/saude.abril.com.br\/bem-estar\/conheca-rainy-day-um-jogo-sobre-ansiedade-e-depressao\/\">04\/07\/2018\u00a0Conhe\u00e7a \u201cRainy Day\u201d, um jogo sobre ansiedade e depress\u00e3o<\/a> by Karolina Bergamo @Sa\u00fade Abril<\/p>\n<p><a href=\"https:\/\/www.buzzfeed.com\/susanacristalli\/projetos-mulheres-tecnologia-combatem-machismo?utm_term=.pny3Bb21x#.ixy30GoEn\">25\/06\/2018\u00a013 projetos criados por mulheres que combatem o machismo e o racismo na tecnologia<\/a> by Susana Cristally @BuzzFeed<\/p>\n<p><mark><a href=\"https:\/\/venturebeat.com\/2018\/07\/05\/the-indiebeat-glitch-mundo-carves-out-a-grassroots-festival-for-indie-games-in-brazil\/\">05\/06\/2018 The IndieBeat: Glitch Mundo carves out a grassroots festival for indie games in Brazil<\/a> by Stephanie Chan @ VentureBeat<\/mark><\/p>\n<p><a href=\"https:\/\/www.guiltybit.com\/entrevista-a-thais-weiller\/\">26\/03\/2018 Hoy, en Indieviduos Ilustres: entrevista a Thais Weiller de JoyMasher<\/a> by Gorondorf @GuiltyBit<\/p>\n<p><a href=\"https:\/\/jogos.uol.com.br\/ultimas-noticias\/2017\/04\/06\/sera-que-o-publico-brasileiro-tem-preconceito-com-games-nacionais.htm\">06\/04\/2017\u00a0Ser\u00e1 que o p\u00fablico brasileiro tem preconceito com games nacionais? <\/a>by Barbara Gutierrez @ UOL Jogos<\/p>\n<p><a href=\"https:\/\/jovemnerd.com.br\/nerdnews\/jogos-brasileiros-que-voce-precisa-conhecer\/\">04\/04\/2017\u00a0Conhe\u00e7a 11 jogos brasileiros que voc\u00ea precisa jogar (se j\u00e1 n\u00e3o jogou)!<\/a> by Rany Ferraz @ Jovem Nerd<\/p>\n<p><a href=\"http:\/\/elpais.com\/elpais\/2017\/03\/22\/planeta_futuro\/1490186116_425191.html\">27\/03\/2017\u00a0Soy una \u2018gamer\u2019: la industria de los videojuegos es cosa de chicas <\/a>by Alejandra Luzardo @ ElPa\u00eds<\/p>\n<p><a href=\"http:\/\/www.gamesindustry.biz\/articles\/2017-03-06-standing-ovation-for-palestinian-dev-at-1reasontobe\">06\/03\/2017\u00a0Standing ovation for Palestinian dev at #1ReasonToBe<\/a> by James Batchelor @ GameIndustry.biz<\/p>\n<p><mark><a href=\"https:\/\/venturebeat.com\/2017\/03\/02\/1reasontobe-session-tells-moving-stories-of-game-developers-around-the-world\/\">02\/03\/2017 #1ReasonToBe session tells moving stories of game developers around the world <\/a>by Dean Takahashi @ Venture Beat<\/mark><\/p>\n<p>06\/11\/2016\u00a0<a href=\"http:\/\/link.estadao.com.br\/noticias\/games,jogando-voce-entende-como-e-ser-mulher,10000086610\">Thais Weiller: &#8216;Jogando, voc\u00ea entende como \u00e9 ser mulher&#8217;<\/a> by Bruno Capelas @ Link Estad\u00e3o<\/p>\n<p><a href=\"http:\/\/www2.uol.com.br\/vivermente\/noticias\/jogo_chama_atencao_para_sinais_de_ansiedade_e_depressao.html\">09\/2016\u00a0Jogo chama aten\u00e7\u00e3o para sinais de ansiedade e depress\u00e3o <\/a>@ Revista Mente e Cerebro<\/p>\n<p><mark><a href=\"http:\/\/falange.net\/index.php\/2016\/08\/09\/falange-entrevista-thais-weiller\/\">09\/08\/2016\u00a0Falange Entrevista | Thais Weiller<\/a> by M\u00e3e Serpente @ Falange<\/mark><\/p>\n<p><mark><a href=\"https:\/\/killscreen.com\/articles\/rainy-day-powerful-sobering-look-anxiety\/\">08\/08\/2016 Rainy Day\u00a0is a Powerful and\u00a0Sobering Look at Anxiety<\/a>\u00a0by Maddi Chilton @ KillScreen<\/mark><\/p>\n<p><a href=\"http:\/\/semtilt.com.br\/rainy-day-e-uma-experiencia-profunda-na-ansiedade\/\">08\/08\/2016 Rainy Day \u00e9 uma Experi\u00eancia Profunda na Ansiedade<\/a> by Bhernardo Viana @ SemTilt<\/p>\n<p><a href=\"http:\/\/saude.abril.com.br\/medicina\/conheca-rainy-day-um-jogo-sobre-ansiedade-e-depressao\/\">05\/08\/2016\u00a0Conhe\u00e7a \u201cRainy Day\u201d, um jogo sobre ansiedade e depress\u00e3o<\/a> by Karolina Bergamo @ Saude Abril<\/p>\n<p><a href=\"http:\/\/br.ign.com\/brasil\/33277\/news\/brasileira-desenvolve-jogo-sobre-depressao-e-ansiedade\">28\/07\/2016 Brasileira desenvolve jogo sobre Depress\u00e3o e Ansiedade<\/a> by Thais Stagni @ IGN<\/p>\n<p><a href=\"http:\/\/overloadr.com.br\/especiais\/2016\/07\/rainy-day-da-thais-weiller-e-um-jogo-curtinho-sobre-ansiedade-e-depressao-que-voce-deveria-jogar-agora\/\">27\/07\/2016\u00a0Rainy Day, da Thais Weiller, \u00e9 um jogo curtinho sobre ansiedade e depress\u00e3o que voc\u00ea deveria jogar agora<\/a> by Rique Sampaio @ Overloadr<\/p>\n<p><a href=\"http:\/\/dropsdejogos.com.br\/index.php\/noticias\/indie\/item\/1167-opiniao-thais-weiller-e-a-nossa-desenvolvedora-brasileira-de-2015\">10\/01\/2016 Opini\u00e3o: Thais Weiller \u00e9 a Nossa Desenvolvedora de Jogos de 2015<\/a> by Pedro Zambarda @ Drops de Jogos<\/p>\n<p><a href=\"http:\/\/jogazera.com.br\/entrevistamos-thais-weiller-producer-e-game-designer\/\">25\/06\/2015\u00a0Entrevistamos Thais Weiller, Produtora e Designer de Jogos<\/a> by Mateus Alexandre @ Jogazera<\/p>\n<p><a href=\"http:\/\/www.techtudo.com.br\/noticias\/noticia\/2013\/07\/game-de-terror-foi-desenvolvido-por-brasileiros-em-menos-de-72-horas.html\">31\/07\/2013\u00a0Killing Moon: game de terror foi feito por brasileiros em menos de 72 horas<\/a>\u00a0by Pedro Zambarda @ techtudo<\/p><\/div><div class='clear_column'><\/div>\n<div class='content-column one_half'><h4>Podcasts &amp; Audio interviews<\/h4>\n<p><a href=\"https:\/\/www.vice.com\/pt_br\/article\/kzkgz9\/game-design-perfeito-podcast-poligonal-33\">04\/06\/2018\u00a0Em busca do game design perfeito<\/a>\u00a0by Vice<\/p>\n<p>11\/06\/2017 <a href=\"https:\/\/www.youtube.com\/watch?v=6UTiinVJgE4\">Jogos fazem sentido para voc\u00ea?<\/a> by Covil<\/p>\n<p>02\/08\/2015\u00a0<a href=\"https:\/\/www.youtube.com\/watch?v=dUGEOpJeRD4\">Sup, Holmes? Ep 154<\/a> by Jonathan Holmes<\/p><\/div>\n<div class='content-column one_half last_column'><h4><\/h4><\/div><div class='clear_column'><\/div>\n","protected":false},"excerpt":{"rendered":"<p>Mentions<\/p>\n","protected":false},"author":1,"featured_media":0,"parent":0,"menu_order":0,"comment_status":"closed","ping_status":"closed","template":"","meta":{"_crdt_document":"","footnotes":""},"class_list":["post-102","page","type-page","status-publish","hentry"],"_links":{"self":[{"href":"https:\/\/thaisweiller.com\/fun\/wp-json\/wp\/v2\/pages\/102","targetHints":{"allow":["GET"]}}],"collection":[{"href":"https:\/\/thaisweiller.com\/fun\/wp-json\/wp\/v2\/pages"}],"about":[{"href":"https:\/\/thaisweiller.com\/fun\/wp-json\/wp\/v2\/types\/page"}],"author":[{"embeddable":true,"href":"https:\/\/thaisweiller.com\/fun\/wp-json\/wp\/v2\/users\/1"}],"replies":[{"embeddable":true,"href":"https:\/\/thaisweiller.com\/fun\/wp-json\/wp\/v2\/comments?post=102"}],"version-history":[{"count":23,"href":"https:\/\/thaisweiller.com\/fun\/wp-json\/wp\/v2\/pages\/102\/revisions"}],"predecessor-version":[{"id":1773,"href":"https:\/\/thaisweiller.com\/fun\/wp-json\/wp\/v2\/pages\/102\/revisions\/1773"}],"wp:attachment":[{"href":"https:\/\/thaisweiller.com\/fun\/wp-json\/wp\/v2\/media?parent=102"}],"curies":[{"name":"wp","href":"https:\/\/api.w.org\/{rel}","templated":true}]}}